+ 78*c - 37. What is w(5)?
-22
Let k(n) = n**3 - 61*n**2 + 117*n - 58. What is k(59)?
-117
Let s(t) = 9*t**2 + 85*t + 43. What is s(-9)?
7
Let p(b) = -4*b**3 - 35*b**2 + 9*b - 11. What is p(-9)?
-11
Let w(a) = -a**3 - 29*a**2 + 391*a + 37. Determine w(-39).
-2
Let o(i) = -1085*i - 3251. Determine o(-3).
4
Let f(b) = 13*b**2 + 326*b + 31. What is f(-25)?
6
Let v(s) = s**3 - 6*s**2 + 18*s - 184. Determine v(7).
-9
Let u(z) = -z**3 - 33*z**2 + 30*z - 19. Give u(-34).
117
Let n(d) = d**3 - 13*d**2 - 9*d - 466. Determine n(16).
158
Let s(y) = -y**2 + 45*y - 453. Give s(30).
-3
Let k(m) = -m**2 + 9*m + 111. What is k(-8)?
-25
Let u(t) = -24*t**2 + 252*t + 8. Calculate u(11).
-124
Let u(r) = -16*r + 1173. Determine u(66).
117
Let i(q) = 130*q + 4288. Calculate i(-33).
-2
Let x(h) = -9*h**2 - 11*h - 33. Calculate x(-2).
-47
Let r(o) = -o**3 - o**2 - 31*o + 40. Determine r(4).
-164
Let q(r) = r**2 - 38*r - 1148. What is q(53)?
-353
Let b(f) = -505*f + 2002. Give b(4).
-18
Let b(n) = n**3 - 72*n**2 + 897*n - 4. Determine b(16).
12
Let t(k) = 68*k - 1334. What is t(20)?
26
Let m(q) = q**2 + 27*q + 11. What is m(-8)?
-141
Let d(c) = c**3 - 7*c**2 - 11*c + 10. Give d(9).
73
Let q(u) = -186*u - 529. Determine q(-3).
29
Let s(i) = 115*i + 4977. Determine s(-43).
32
Let f(r) = 17*r - 483. Calculate f(29).
10
Let o(v) = 946*v + 3746. Give o(-4).
-38
Let s(c) = 4*c**2 - 23*c - 107. What is s(-8)?
333
Let o(z) = 9*z**2 - 6*z + 28. Calculate o(-5).
283
Let r(s) = -3*s**2 - 22*s + 35. Give r(-9).
-10
Let x(b) = -5*b**2 + 416*b - 26. Give x(83).
57
Let y(t) = t**3 - 2*t**2 + 15*t - 37. Give y(5).
113
Let p(n) = 52*n**2 + 1551*n - 283. Calculate p(-30).
-13
Let y(b) = b**3 + 2*b**2 + 2*b - 42. Calculate y(0).
-42
Let w(g) = -6*g**3 + 149*g**2 + 27*g - 68. Determine w(25).
-18
Let a(y) = -336*y - 2685. Determine a(-8).
3
Let c(m) = -m**2 + 74*m - 1309. What is c(36)?
59
Let n(x) = 95*x - 374. What is n(4)?
6
Let s(j) = 1135*j - 1030. Calculate s(1).
105
Let b(a) = 237*a - 1525. Give b(6).
-103
Let w(b) = 2*b**3 + 106*b**2 + 185*b - 961. What is w(-51)?
8
Let c(t) = -t**3 - 14*t**2 - 6*t + 43. Give c(-14).
127
Let n(a) = -a**3 + 8*a**2 - 17*a - 3. What is n(5)?
-13
Let m(f) = -36*f - 599. What is m(-17)?
13
Let i(n) = -190*n - 1893. What is i(-10)?
7
Let x(k) = -29*k**2 - 346*k + 3844. Give x(7).
1
Let r(x) = 9*x**2 - 216*x - 1318. Determine r(-6).
302
Let g(m) = 2*m**3 + 3*m**2 - 63*m + 4. Determine g(5).
14
Let m(u) = 137*u + 565. What is m(-4)?
17
Let o(q) = -22*q**2 + 333*q + 293. Calculate o(16).
-11
Let w(v) = -3*v**2 + 1269*v - 3777. What is w(3)?
3
Let k(w) = w**2 + 36*w - 178. Calculate k(-44).
174
Let a(u) = 160*u - 717. Determine a(5).
83
Let m(t) = 7*t**3 + 2457*t**2 + 3*t + 1040. Give m(-351).
-13
Let r(b) = -2*b**2 - 98*b + 920. What is r(8)?
8
Let a(l) = l**3 + 10*l**2 - 37*l - 218. Calculate a(-8).
206
Let p(s) = 64*s**2 + 5*s - 2. Give p(1).
67
Let g(d) = 129*d - 31. Determine g(1).
98
Let i(k) = 122*k - 32. What is i(1)?
90
Let p(b) = -37470*b + 262296. Determine p(7).
6
Let z(t) = -6*t + 110. Give z(4).
86
Let l(v) = v**2 + 4*v + 7. Give l(-10).
67
Let i(q) = -4*q**2 + 16*q + 54. Give i(-2).
6
Let b(r) = -12*r**3 + 722*r**2 - 122*r + 120. What is b(60)?
0
Let h(x) = 18*x**2 + 385*x - 384. Calculate h(1).
19
Let n(l) = 8*l - 46. Calculate n(11).
42
Let x(u) = -77*u + 193. What is x(3)?
-38
Let m(k) = k**3 + 44*k**2 + 81*k - 52. Determine m(-42).
74
Let q(d) = 5*d**3 + 566*d**2 + 118*d + 570. What is q(-113)?
5
Let z(o) = 35*o - 527. Determine z(16).
33
Let j(y) = 85*y + 40. Determine j(-1).
-45
Let n(t) = -5647*t - 33878. Determine n(-6).
4
Let h(t) = t**2 - 6504*t + 45482. Give h(7).
3
Let n(i) = -13*i**3 + 54*i**2 + 32*i + 10. Give n(6).
-662
Let d(t) = -t**3 + 3*t**2 + 158*t + 5. Calculate d(0).
5
Let i(y) = 4*y**2 + 97*y - 306. Calculate i(3).
21
Let o(h) = 12*h**2 + 32*h - 64. Calculate o(7).
748
Let l(v) = 1481*v + 4456. Determine l(-3).
13
Let h(s) = 132*s + 4041. Give h(-31).
-51
Let s(p) = -p**2 - 75*p - 1106. Determine s(-58).
-120
Let a(t) = -14*t**2 + 652*t + 289. What is a(47)?
7
Let b(l) = 50*l**2 + 1047*l - 71. What is b(-21)?
-8
Let o(q) = -9*q**2 + 31*q - 34. What is o(1)?
-12
Let d(b) = 39*b**3 + 158*b**2 + b - 9. What is d(-4)?
19
Let s(g) = 120*g + 97. Calculate s(-2).
-143
Let g(f) = 5*f + 379. Calculate g(-53).
114
Let k(p) = 61*p**2 + 70*p - 207. What is k(3)?
552
Let t(p) = p**3 + 26*p**2 - 80*p - 37. Give t(-29).
-240
Let b(y) = 21876*y + 21850. Give b(-1).
-26
Let n(y) = -40*y + 1927. Give n(45).
127
Let t(c) = 5*c**2 - 58*c - 5686. Determine t(40).
-6
Let v(b) = 32*b - 157. What is v(2)?
-93
Let t(w) = -w**3 - w**2 + 1046*w + 7047. Calculate t(-7).
19
Let u(b) = -251*b + 2007. Give u(8).
-1
Let b(t) = -t**2 - 2341*t + 23508. Determine b(10).
-2
Let q(z) = 35*z - 478. Calculate q(14).
12
Let v(f) = 6*f**2 + 1759*f - 5328. What is v(3)?
3
Let r(s) = 43*s - 2187. What is r(50)?
-37
Let v(i) = -47*i**3 + 3*i**2 + 6*i + 3. What is v(-1)?
47
Let j(a) = -19*a - 160. Give j(-16).
144
Let s(y) = -382*y + 35519. What is s(93)?
-7
Let g(f) = 376*f + 1837. Give g(-5).
-43
Let w(c) = -32*c + 737. Determine w(25).
-63
Let n(y) = -15*y - 117. Calculate n(-6).
-27
Let z(s) = -s**3 - 22*s**2 + 152*s - 21. Give z(7).
-378
Let u(n) = 2*n**2 - 88*n + 181. Determine u(2).
13
Let m(f) = -f**3 - 2*f**2 - 8*f + 58. Give m(4).
-70
Let q(a) = a**2 + 24*a - 133. Give q(-32).
123
Let s(p) = -6*p**2 - 60*p - 110. Give s(-13).
-344
Let i(r) = r**2 - 32*r + 157. Determine i(7).
-18
Let c(z) = 595*z - 708. What is c(1)?
-113
Let c(s) = -14*s - 1936. Calculate c(-140).
24
Let s(c) = -68*c**3 - 2*c**2 + 212*c + 213. Determine s(-1).
67
Let n(q) = 14*q - 101. Give n(6).
-17
Let w(f) = 27*f**3 + f**2 - 6*f - 6. Determine w(-1).
-26
Let m(p) = -14*p**2 + 116*p - 60. What is m(8)?
-28
Let q(u) = -1087*u - 4345. What is q(-4)?
3
Let m(x) = -20*x**2 + 841*x - 44. Determine m(42).
-2
Let p(x) = 20*x**2 + 172*x - 660. Give p(4).
348
Let k(f) = 308*f + 7699. Determine k(-25).
-1
Let j(n) = -3*n**2 + 27*n + 5. Calculate j(9).
5
Let x(y) = -1805*y + 12627. Determine x(7).
-8
Let z(s) = -s**3 + 47*s**2 - s - 207. Calculate z(47).
-254
Let y(m) = 321*m - 388. Give y(2).
254
Let j(x) = x**3 - 27*x**2 - 42*x + 389. Determine j(28).
-3
Let u(w) = w**2 - 33*w + 184. What is u(20)?
-76
Let j(g) = -2*g**2 - 348*g + 4459. Give j(12).
-5
Let t(g) = 22*g + 18. Give t(-11).
-224
Let g(d) = -d**3 - 8*d**2 + 152*d - 31. What is g(-17)?
-14
Let i(b) = b**2 + 41*b - 3932. Calculate i(44).
-192
Let f(s) = -197*s**2 - 1767*s + 36. Give f(-9).
-18
Let t(l) = -9*l**2 - 553*l - 245. Give t(-61).
-1
Let u(k) = 2*k**3 - 9*k**2 - 4*k + 11. Calculate u(5).
16
Let i(f) = 186*f + 883. Give i(-5).
-47
Let x(j) = -862*j - 18099. What is x(-21)?
3
Let j(a) = -20*a**2 - 189*a - 47. What is j(-9)?
34
Let t(o) = 6*o**2 + 11*o - 67. What is t(4)?
73
Let n(g) = -g**3 + 2*g**2 + 6*g - 2. Determine n(-3).
25
Let f(g) = -317*g - 33914. Give f(-107).
5
Let r(c) = -2*c**2 + 59*c + 498. Calculate r(-9).
-195
Let u(j) = -23*j**2 + 4*j + 19. What is u(-3)?
-200
Let n(s) = -s**2 + 82*s - 1075. What is n(67)?
-70
Let u(a) = 3*a**2 - 12*a - 9. What is u(-2)?
27
Let w(t) = -130*t + 2356. Give w(18).
16
Let l(q) = q**3 + q**2 + 331*q + 2183. Calculate l(-6).
17
Let t(d) = 355*d + 47. What is t(-1)?
-308
Let x(h) = -3*h**3 + 40*h**2 + 87*h - 210. Calculate x(15).
-30
Let f(i) = -3*i - 21. Determine f(23).
-90
Let v(t) = 345*t - 681. Give v(2).
9
Let r(n) = -138*n + 15000. Calculate r(109).
-42
Let f(c) = c**3 + 100*c**2 - 747*c + 214. Calculate f(-107).
0
Let v(b) = -1350*b + 7936. What is v(6)?
-164
Let f(a) = -a**3 - 19*a**2 + 18*a - 63. What is f(-20)?
-23
Let i(g) = -6*g**3 + 5*g**2 - 482*g + 478. Determine i(1).
-5
Let x(c) = 2*c**2 + 36*c - 7. Calculate x(-6).
-151
Let f(d) = 6*d**2 + 13*d - 33. Calculate f(-3).
-18
Let m(y) = 945*y + 1957. Determine m(-2).
67
Let h(q) = 5*q**2 + 49*q + 734. Calculate h(-13).
942
Let w(l) = -3*l**3 + 3*l**2 + 5*l - 23. Give w(3).
-62
Let z(m) = -4*m**3 - 102*m**2 + 42*m + 2290. Give z(-25).
-10
Let z(g) = 2*g**2 + 81*g + 21. Give z(8).
797
Let k(s) = -3*s**2 - 155*s - 132. Give k(-50).
118
Let u(v) = -5*v**2 - 225*v + 76. What is u(-45)?
76
Let g(q) = 9*q**2 - 689*q - 313